-3*q + 7, q - 18 = -3*k. List the prime factors of k.
7
Let x be (-2)/(-1 + (-2 - -1)). Let t = 6 + x. Let n = t + 5. What are the prime factors of n?
2, 3
Let r(j) = -j**3 + j. Suppose 5*t = 2*t, t + 10 = -5*w. Let v be r(w). Suppose 0 = q - v. List the prime factors of q.
2, 3
Let x = 6 - 12. List the prime factors of 1/x - (-3828)/72.
53
Let c be (-28)/(2*(-2)/4). Let g = 15 - 33. Let d = g + c. What are the prime factors of d?
2, 5
Suppose 7*h = 20 + 36. What are the prime factors of h?
2
List the prime factors of (-26064)/(-88) - 8/44.
2, 37
Suppose -4*o + 160 = o. List the prime factors of o.
2
Suppose -6 = -5*w + 19. Suppose 4*b - 5*f = -2*f + 59, f = -w*b + 88. What are the prime factors of b?
17
List the prime factors of 0 + 47 - -1*(-3 - 0).
2, 11
Let x = -45 - -66. List the prime factors of x.
3, 7
Let c(q) = q**3 + 11*q**2 + 9*q - 6. Let s be c(-10). Suppose -9 - 11 = -5*t. Suppose -t*o = -4*k, -2*k + 0*k + 18 = s*o. What are the prime factors of k?
3
Suppose 5*m = 14 + 11. Suppose -m*q + 9 + 6 = 0. List the prime factors of q.
3
Let u(v) = -39*v - 1. What are the prime factors of u(-1)?
2, 19
Suppose -12*o + 11*o + 41 = 0. What are the prime factors of o?
41
Let t(y) = 63*y - 3. What are the prime factors of t(1)?
2, 3, 5
Suppose -2*w = -3*w + 2. Suppose d = -2*d - 12. List the prime factors of w/(-8) + (-17)/d.
2
Let x be (-1)/(2/6) + -1. List the prime factors of 865/45 - x/(-18).
19
Let w = -6 + 9. Suppose 2*i - v = w*v + 38, -5*v - 52 = -3*i. What are the prime factors of i?
3
Let u = -2 + 18. Suppose c + u = 62. List the prime factors of c.
2, 23
Let r(z) = 7. Let v(b) = -b - 15. Let n(d) = 13*r(d) + 6*v(d). List the prime factors of n(-2).
13
Suppose 4*i - 9 - 7 = 0. Let n(l) = 2*l**2 - 4*l - 4. List the prime factors of n(i).
2, 3
Let m = 13 - 22. What are the prime factors of (-6)/m*(-153)/(-6)?
17
Let v = 8 - 8. Suppose 0 = -f - v*f. Suppose 5*h - 15 = 0, f*h - h - 6 = -z. List the prime factors of z.
3
Let t = 52 - 35. What are the prime factors of t?
17
Let h(z) = -z**3 - 11*z**2 - 12*z - 10. Let t be h(-10). Let y be (-4)/20 + 52/t. Suppose 15 = y*x - 4*x. What are the prime factors of x?
3, 5
Suppose 2*l - 8 = y - 3, -2*y + 11 = 3*l. Suppose -l*s = -2 - 37. List the prime factors of s.
13
Let q = -23 + 44. Suppose -5*w + 29 + q = 0. What are the prime factors of w + -3*(-4)/6?
2, 3
Let g(z) = z**3 - 7*z**2 + 4*z - 1. Let y be g(7). Let q = y + -12. List the prime factors of q.
3, 5
Let i(m) = -12*m + 2. Let r be i(-2). Let h = 30 + r. Suppose 0 = 2*o - 6*o + h. What are the prime factors of o?
2, 7
Let l(q) = 2*q - 7. Let c be l(6). Suppose -4*o - 15 = o, -2*y = -c*o - 41. List the prime factors of y.
13
Suppose -30 + 0 = -3*q. Let x(z) = z - 10. Let i be x(q). Let k(o) = o + 7. List the prime factors of k(i).
7
Let a(z) = 2*z + 19. Let b(g) = -g - 10. Let r(h) = 3*a(h) + 5*b(h). What are the prime factors of r(-5)?
2
List the prime factors of (3 - -1)*(-3 + (-1218)/(-12)).
2, 197
Let h(g) = -g - 2. Let z(t) = -t - 1. Let j(f) = -3*h(f) + 4*z(f). Suppose 3*m = -3 - 3. What are the prime factors of j(m)?
2
Suppose -5*x - 3 = -8. Let z = x + 2. What are the prime factors of z?
3
Let d be 2/(-5) + 124/10. Suppose 3 = 2*o - 1. Suppose -o*w + d = -10. What are the prime factors of w?
11
Let v(w) = w**3 + 8*w**2 + 3*w + 3. Let p be v(-6). Suppose -p = -5*o + 88. List the prime factors of o.
29
Let a(i) = i**2 + i - 4. Let s be a(5). Let u = 22 - 40. Let h = s + u. What are the prime factors of h?
2
Suppose 16*h = 15*h + 8. List the prime factors of h.
2
Let j(f) = -f + 4. Let i be j(6). Let p(t) = -3*t**3 - 3*t**2 - 2*t + 1. List the prime factors of p(i).
17
Let n(b) = b + 10. Let w = -6 + 10. Let d = -4 + w. List the prime factors of n(d).
2, 5
Suppose -8*g + 141 = -5*g. List the prime factors of g.
47
Let p(n) = -7*n + 1. Let k(x) = -x. Let g(w) = -k(w) + p(w). What are the prime factors of g(-3)?
19
Suppose 3*t - t = 16. Let c = t + -5. What are the prime factors of c/(-1) - -3 - -13?
13
Let l be (-37)/(-3) - 6/18. Suppose l = 4*k - k. List the prime factors of k.
2
Let z(c) = -8*c**2 - 3*c**2 + c**3 + c + 39 + 10*c**2. What are the prime factors of z(0)?
3, 13
Suppose -3*x + 219 = -0*x. List the prime factors of x.
73
Let v be (-26*3/(-6))/1. Suppose -5*b = 5*p - 35, b - v = -2*p - 2*b. What are the prime factors of p?
2
Let x(g) = 5*g**2 - 2*g + 1. Let y be x(1). Let m = -4 + y. Suppose 8 = w - m*w. List the prime factors of w.
2
Suppose -5*x = 5, 2*g + 3*x = -0*g - 5. Let d = g - 2. Let z = d - -20. List the prime factors of z.
17
Suppose 3*g - 184 = -5*c + 404, 3*c - 192 = -g. What are the prime factors of g?
3, 67
Suppose 0 = 3*y - 0*y - 102. Suppose k = -k + y. List the prime factors of k.
17
Suppose 5*q + 484 = 3*c, -16*c - 2*q = -17*c + 160. What are the prime factors of c?
2, 3, 7
Suppose -3*a - 4*d + 166 = 2*a, -3*a = 5*d - 97. What are the prime factors of a?
2, 17
Suppose 0*u - u - 3 = 0, 3*h + 24 = 2*u. List the prime factors of -60*((-16)/h)/(-4).
2, 3
Suppose -d = 2*l + 3*l + 35, -2*d - 49 = 3*l. Let s = 30 + d. List the prime factors of s.
2, 5
Suppose -3 = t - 4*k, 4*t - 2*k - 1 = 3*t. Suppose -t*v - 4 = -64. List the prime factors of v.
2, 3
Suppose 3*r + 94 = -2*c + 3*c, -3*c + 266 = -5*r. What are the prime factors of c?
2, 41
Let r = -61 + 89. List the prime factors of r.
2, 7
Suppose -4*h + 2*s + 962 = 0, -239 - 9 = -h + 2*s. What are the prime factors of h?
2, 7, 17
Suppose -o + 8 = -5*o. Let n(x) = -3*x**3 - 2*x**2 - 3*x - 3. Let j be n(o). Suppose 2*z = -2*z - 5*t + j, 13 = 3*z + 5*t. List the prime factors of z.
2, 3
Let f(u) = 20*u**3 - u**2 + 3*u - 2. What are the prime factors of f(2)?
2, 5
Let k be (-39)/(-2) - (-3)/6. Let z be (-2 - 20/(-8))*66. Let n = z - k. List the prime factors of n.
13
Let d(y) = -y**2 + 8*y - 2. Let u be d(7). Suppose 0 = -3*v + 5*c - 2*c + 30, -u*v = c - 80. What are the prime factors of v?
3, 5
Suppose 0 = 2*q - 0 - 8, -21 = -3*n - 3*q. Suppose -n*r + 40 = r. What are the prime factors of r?
2, 5
Let w(a) = a**3 - 8*a**2 + 8. Let y be w(8). Suppose -y + 38 = s. What are the prime factors of s?
2, 3, 5
Let b = -56 - -82. List the prime factors of b.
2, 13
Suppose -5*z + 42 + 28 = 0. Let g = 10 + -20. Let a = z + g. What are the prime factors of a?
2
Suppose -70 = -3*t + 155. Suppose m = 4*c + 2*m - t, 3*m - 65 = -4*c. List the prime factors of c.
2, 5
Let s(x) = x**3 - 12*x**2 + 7*x + 21. List the prime factors of s(12).
3, 5, 7
Let g be 6*3/(-6) - 1. What are the prime factors of (-62)/g - (-2)/(-4)?
3, 5
Suppose 0 = -2*o - 8 + 38. List the prime factors of o.
3, 5
Let l = -48 + 95. List the prime factors of l.
47
Let f = -4 - -18. What are the prime factors of f?
2, 7
Suppose 0 = k - 4*k + 141. Suppose -2*o = 19 - k. Suppose -o = 2*g - 36. What are the prime factors of g?
11
What are the prime factors of 0 - -386 - (2 - 7)?
17, 23
Suppose -4*l + 90 = -5*g, 4*g + l + 72 = -4*l. Let o = g + 25. List the prime factors of o.
7
Let a = -189 + 269. List the prime factors of a.
2, 5
Let x be (-10)/(-8) - 3/(-4). What are the prime factors of -5*(8/(-10))/x?
2
Suppose -5*u + 19 + 476 = 0. Suppose -22*y - u = -25*y. List the prime factors of y.
3, 11
Suppose -3*l - 57 = 2*s, 3*l - 75 + 27 = 3*s. Let n = s + 43. List the prime factors of n.
2, 11
Suppose -2*f + 54 = 5*u, 2*f - 86 = -2*f + u. List the prime factors of f.
2, 11
Let b = 112 + -52. List the prime factors of b.
2, 3, 5
Let a(y) = 9*y - 8. Let i be a(6). Let k = -24 + i. List the prime factors of k.
2, 11
Let i be ((-15)/(-1))/(3/2). Suppose i = 3*r - 2. Suppose -r*g - 5*l = -70 + 24, 0 = -g - 3*l + 15. What are the prime factors of g?
3
Let c = 2 - 5. Let h(b) = -b**3 + b**2 + b. Let q be h(-2). Let l = q + c. What are the prime factors of l?
7
Suppose -15 = i - 4*i. Suppose -5*l + 15 - i = 0. List the prime factors of l.
2
Let y(k) = -k + 1. Let q(d) = -4*d + 3. Let b(s) = q(s) - 5*y(s). List the prime factors of b(5).
3
Suppose 5*x - 396 = x. Let b = x + -51. Suppose b = g + 2*g. What are the prime factors of g?
2
Let k = 188 + -109. Suppose 0 = -3*u - 4*b + 51 + 8, -3*u + b + k = 0. List the prime factors of u.
5
Let g(s) = -s**3 + 2*s**2 + 2*s - 1. Let u be g(2). Suppose -u*y = 2*y - 75. Let f = y + -8